8641693 a prime number?
True
Is 1943824643 composite?
True
Is 202291939867 a prime number?
True
Is 798916267 composite?
False
Is 1516427519 a composite number?
False
Is 95888512985 a prime number?
False
Is 360493169 a prime number?
False
Is 5976195649 composite?
True
Is 13561501 prime?
False
Is 1674434591 composite?
False
Is 2560557847 a composite number?
False
Is 25790806229 a composite number?
True
Is 55988917709 composite?
True
Is 2371494067 a prime number?
False
Is 1753243166 composite?
True
Is 3863869045 composite?
True
Is 134814241409 prime?
True
Is 154057199 composite?
False
Is 3979807219 composite?
True
Is 378386471 composite?
True
Is 8378686581 a prime number?
False
Is 3239262941 prime?
True
Is 30484797389 a prime number?
False
Is 4124012023 prime?
False
Is 357454537 a composite number?
True
Is 15749073911 a composite number?
False
Is 5048618609 composite?
False
Is 32823634999 composite?
False
Is 671275213 a prime number?
False
Is 534202241 a composite number?
False
Is 950973461 a composite number?
False
Is 1132699 composite?
True
Is 705505459 a composite number?
True
Is 1908232603 a prime number?
True
Is 233213678501 a composite number?
False
Is 49356153199 a composite number?
True
Is 235215637 prime?
True
Is 6603283 a composite number?
False
Is 1475536739 prime?
True
Is 232938521 a composite number?
True
Is 4454619073 composite?
True
Is 7808486761 a prime number?
False
Is 3982462411 composite?
False
Is 244881357755 a composite number?
True
Is 18208563943 a prime number?
False
Is 5989418107 a composite number?
False
Is 511836713 composite?
False
Is 3809025427 a prime number?
False
Is 1041516941 prime?
False
Is 10659941167 prime?
True
Is 30746663447 prime?
True
Is 1848902767 a composite number?
False
Is 135187387 prime?
True
Is 19586298019 prime?
True
Is 50052311 a composite number?
True
Is 5112130279 composite?
False
Is 4810981407 composite?
True
Is 990187757 composite?
True
Is 1761658597 prime?
True
Is 121222643 a composite number?
True
Is 22980195257 prime?
True
Is 61938704279 a composite number?
True
Is 150824063623 composite?
True
Is 736018433 prime?
True
Is 18157325047 composite?
True
Is 833286367 composite?
False
Is 10192047295 a composite number?
True
Is 2153793067 prime?
True
Is 19817440689 composite?
True
Is 29976758093 prime?
False
Is 6386459839 prime?
True
Is 683213669 prime?
True
Is 31541366039 a composite number?
False
Is 17488718153 composite?
False
Is 159188303 a prime number?
True
Is 3731021171 prime?
True
Is 46597186001 composite?
True
Is 19857346337 prime?
True
Is 106096955197 composite?
True
Is 713911711 a composite number?
False
Is 34712063627 prime?
True
Is 306912913 composite?
False
Is 4699975247 composite?
True
Is 1203775957 a prime number?
True
Is 2546521618 a composite number?
True
Is 721588313 prime?
True
Is 68952736331 a prime number?
False
Is 16327052611 a prime number?
True
Is 4231390717 prime?
True
Is 4656578303 composite?
True
Is 2531831273 prime?
False
Is 108192541 a prime number?
True
Is 4515210061 a prime number?
True
Is 975319483 composite?
True
Is 16691823593 a composite number?
True
Is 72720889357 a prime number?
True
Is 94652568859 prime?
True
Is 15674503457 composite?
False
Is 19180708693 a prime number?
True
Is 1309036403 prime?
True
Is 1680910559 a prime number?
True
Is 779943413 a prime number?
False
Is 3060512701 a composite number?
True
Is 31398791179 a composite number?
True
Is 10914041549 composite?
True
Is 451417249 a prime number?
True
Is 1029567233 composite?
False
Is 1181979971 a composite number?
False
Is 62160614279 composite?
False
Is 10122393427 a composite number?
True
Is 6147991529 composite?
True
Is 5207352429 a composite number?
True
Is 85252422961 a composite number?
True
Is 883451027 prime?
True
Is 962448611 composite?
False
Is 39587267 a composite number?
False
Is 1764855991 a prime number?
True
Is 1191087397 prime?
False
Is 571917349 composite?
True
Is 721018027 a composite number?
False
Is 117681053561 composite?
True
Is 3313601989 a composite number?
False
Is 6975845273 composite?
False
Is 9518592091 a composite number?
False
Is 11987386127 a prime number?
True
Is 101501160617 prime?
True
Is 558289309 prime?
False
Is 1411950653 a prime number?
False
Is 164967757 a composite number?
True
Is 117740977 a composite number?
False
Is 82858249 a prime number?
False
Is 30725472203 composite?
True
Is 733292101 a prime number?
True
Is 1783472289 a composite number?
True
Is 505088861 prime?
True
Is 1341150387 composite?
True
Is 24038909809 a composite number?
False
Is 24863474903 a prime number?
False
Is 27167085691 a composite number?
False
Is 1116408499 a composite number?
True
Is 208011883 a composite number?
False
Is 1360793857 a prime number?
False
Is 10453472479 a prime number?
False
Is 1499515931 a prime number?
False
Is 500594059 composite?
True
Is 7192959017 prime?
True
Is 22184452571 composite?
False
Is 546008357 a composite number?
True
Is 78815897909 a composite number?
True
Is 19544530039 a prime number?
False
Is 2492080883 composite?
True
Is 100934963 a prime number?
True
Is 92362103 composite?
True
Is 52507456409 prime?
True
Is 3423608315 a prime number?
False
Is 4452214717 prime?
True
Is 1208600759 a composite number?
False
Is 30101235991 a prime number?
False
Is 2370577901 a composite number?
True
Is 2383250449 a composite number?
False
Is 12041643617 a composite number?
True
Is 206290951 prime?
True
Is 265797113 a composite number?
False
Is 13808849497 composite?
True
Is 469984183 a prime number?
True
Is 20272889941 a prime number?
True
Is 177614377 composite?
True
Is 210032497 a prime number?
False
Is 39936100129 a composite number?
True
Is 1062971463 a prime number?
False
Is 21150300533 prime?
False
Is 17570648453 prime?
False
Is 8176511069 a composite number?
False
Is 169829898958 a prime number?
False
Is 14980067339 prime?
False
Is 161887741 a prime number?
True
Is 1856178011 a composite number?
False
Is 449635256351 a composite number?
False
Is 41570538161 prime?
True
Is 402628987 a composite number?
False
Is 108302264303 a prime number?
False
Is 17781713311 a composite number?
False
Is 13107369361 prime?
True
Is 809506403 a composite number?
False
Is 2220485689 prime?
True
Is 9676049371 a composite number?
True
Is 28803539749 a prime number?
True
Is 8874287479 prime?
False
Is 189460895173 a composite number?
True
Is 1061199649 a composite number?
False
Is 496018379 a composite number?
False
Is 9560741933 a prime number?
True
Is 36356195299 a prime number?
True
Is 1052095183 prime?
True
Is 1144647869 a composite number?
False
Is 5639924383 a composite number?
False
Is 76310887 a composite number?
False
Is 56652569 prime?
True
Is 109430872459 prime?
True
Is 56313728801 a prime number?
False
Is 386766271 prime?
True
Is 27415946095 composite?
True
Is 912258509 prime?
True
Is 44036189053 composite?
True
Is 55312668821 composite?
False
Is 36270659 a prime number?
True
Is 8250241529 a prime number?
True
Is 1191298843 a composite number?
True
Is 6182345959 a prime number?
False
Is 109288261 a composite number?
False
Is 38198717 prime?
False
Is 58979126207 composite?
True
Is 3574701217 a prime number?
True
Is 1196285021 a composite number?
False
Is 940777673 composite?
True
Is 53508451 composite?
True
Is 1349283559 composite?
True
Is 8413748641 prime?
True
Is 35940763541 composite?
False
Is 703800709 prime?
True
Is 5128990913 prime?
True
Is 111793771 a prime number?
True
Is 106414579 prime?
True
Is 1582839238 composite?
True
Is 2533552111 a composite number?
True
Is 289393391149 a composite number?
True
Is 137836141 a composite number?
False
Is 1840248353 composite?
False
Is 92935066039 prime?
False
Is 1246529017 composite?
False
Is 15752197211 a composite number?
False
Is 1693435109 a composite number?
True
Is 639093311 a prime number?
False
Is 1454269969 a composite number?
False
Is 78350962097 a prime number?
True
Is 39146381 a composite number?
True
Is 75567887 prime?
False
Is 167940011 composite?
True
Is 29471464181 composite?
False
Is 25012561133 composite?
True
Is 5188859971 a composite number?
False
Is 12653787049 composite?
True
Is 15414389 a prime number?
True
Is 1044752321 composite?
False
Is 196443301 a prime number?
True
Is 3199419211 composite?
Tru